 3052 = 0. What are the prime factors of q?
19, 109
Suppose -2*g = 5*g - 546. Let k = 144 - g. What are the prime factors of k?
2, 3, 11
Suppose -21531 = -5*l - p, 3*l - 12929 = 68*p - 66*p. What are the prime factors of l?
59, 73
Let r = 80 - 0. Suppose -3*u - n - r + 514 = 0, 2*n = 2*u - 284. List the prime factors of u.
2, 3
Let b(a) = 41*a**2 + 12*a - 30. What are the prime factors of b(-6)?
2, 3, 229
Let h = 7566 + -3282. What are the prime factors of h?
2, 3, 7, 17
Suppose 2*d = 6*d + 5*r - 40, 4*r = 0. Suppose -d = -23*f + 21*f. What are the prime factors of f?
5
Let z = -167 - -32. Let v be ((-2)/6)/(3/z). Let m = -10 + v. What are the prime factors of m?
5
Let j be (2/5 - (-1)/(-15))*-9. Let d(r) = -7*r**3 - 5*r**2 - 3*r + 4. What are the prime factors of d(j)?
157
Suppose -23*l + 19*l = -1760. What are the prime factors of l?
2, 5, 11
Let a = 674 - -290. What are the prime factors of a?
2, 241
Let v be (3/(-5))/(10/(-100)). What are the prime factors of v/(-21) - (-1334)/14?
5, 19
Let j be 3/(-5) + 714/15. Suppose 0 = 4*h - 3*a + j, -2*h = -3*h + 3*a - 23. What are the prime factors of (h/(-6))/((-4)/(-168))?
2, 7
Let v(r) = 3 + 10 - 21*r - r**2 - 18. What are the prime factors of v(-14)?
3, 31
Let z = 4 - -2. Suppose -q = 2*u + z, -3*q + 2*u - 4*u - 38 = 0. List the prime factors of 21/(-7) - (-1 + q).
2, 7
Suppose 60*i = 39*i + 16821. What are the prime factors of i?
3, 89
Suppose 16 = 4*m - 40. Suppose 120 = -9*d + m*d. What are the prime factors of d?
2, 3
Let l be 1 - (-3)/(-4) - (-87)/(-12). What are the prime factors of (l/(-3) - 3)*-222?
2, 37
Let p(o) = -3*o + 13 + 9*o**2 + o**3 - 3 + 3 + 7*o. What are the prime factors of p(-7)?
83
Suppose -2*p - 1415 = -2*q + 3*p, -3*q = 3*p - 2175. Suppose -q = -3*x - 3*x. What are the prime factors of x?
2, 3, 5
Let m = 4310 + -1081. List the prime factors of m.
3229
Let r = 1095 - 557. List the prime factors of r.
2, 269
Let h be 9/6*(-12)/(-9). Suppose 0 = -0*t - h*t - 2*x + 16, -3*t = 2*x - 20. Suppose 2*q - r - 29 = 0, -t*q - 2*r = -48 + 10. What are the prime factors of q?
2, 3
Suppose 3*b - 6*b - 70 = -4*v, 2*b = 2*v - 36. Let x = 82 - 39. Suppose 5*f - 2*h = 134, 2*f - v = -h + x. List the prime factors of f.
2, 7
Let v = 4485 - 169. What are the prime factors of v?
2, 13, 83
Let l(r) = -27*r**2 + 1. Let h be l(-1). Let u = 6 - h. Let y = u + 0. What are the prime factors of y?
2
Let s(v) = -16*v**2 - 33*v - 44. Let u(y) = 5*y**2 + 11*y + 15. Let o(p) = 2*s(p) + 7*u(p). What are the prime factors of o(-7)?
3, 29
Let v(i) = -i**3 - 40*i**2 - 89*i - 86. What are the prime factors of v(-38)?
2, 3, 17
Let c(r) = -r**3 - 9*r**2 - 9*r - 2. Suppose g - 3 = 17. Suppose -2*b - g = 3*h - 3*b, -2*h = -4*b. What are the prime factors of c(h)?
2, 3
Suppose -2*o + 1 = 3. What are the prime factors of (2 + (-1 + o - 1))*-111?
3, 37
Let r(k) = 2*k**2 + 16*k + 12. What are the prime factors of r(-21)?
2, 3, 31
Suppose -13 = 3*t - 1. Let v be 1/((-53)/13 - t). Let y = 12 - v. List the prime factors of y.
5
Let x(h) = 2*h**2 + 3*h + 21. Let n be x(-5). Suppose g - 2*g = k - 43, -n = -2*k + 4*g. What are the prime factors of k?
2, 19
Suppose 6 = -8*w - 10. List the prime factors of 10*(105/10 - w).
5
Let u(w) = 2*w**2 + 11*w - 4. Let a be u(-5). Let r be 11/3 - (-6)/a. Suppose 0 = -4*i + 3*d + 18, -5*i + 23 = -r*d - d. List the prime factors of i.
3
Suppose -t - 4*y + 58 = 0, 2*y = -0*t - 2*t + 128. What are the prime factors of t?
2, 3, 11
Let y = -467 + 718. Suppose -4*h = -2*u + 3*u + 122, 2*u + y = -h. Let r = -45 - u. What are the prime factors of r?
3
Suppose 4*d - 24 = -4*d. Suppose -4*q - 5*n + 232 = 0, -d*n = -4*q + 6*q - 114. What are the prime factors of q?
3, 7
Let u(x) = 2*x + 8. Let y be u(-4). Suppose -6 = -3*c - y. Suppose 0 = -c*r - n + 49, r + 2*n = 7*n + 52. What are the prime factors of r?
3
Let k be (3/4)/(1 - 444/448). Suppose 2*y - k = -2*q, 0*q - 2*q + 78 = -y. What are the prime factors of q?
2, 5
Suppose -9 - 9 = -m. List the prime factors of m.
2, 3
Let f = 99 - 17. Let b = -77 + f. What are the prime factors of b?
5
Let u be -3 - (-4 - (-1 - -5)). Suppose u*z + 466 = 1406. List the prime factors of z.
2, 47
Let x = 32 + -29. What are the prime factors of 3 - (x/(-9))/(2/6)?
2
Let c(n) = -n + 2. Let s be c(3). Let b be s/(3/(-7))*3. Suppose -b + 19 = 4*z. List the prime factors of z.
3
Let n(h) = 5*h**2 - 2*h + 2. Let b be n(1). Let t(j) = -3*j**2 + 19*j - 8. What are the prime factors of t(b)?
2, 3
Let r = 10973 + -7571. List the prime factors of r.
2, 3, 7
Suppose 0 = 4*c - 8*c + 76. Let t = c + -17. Suppose -3*d = -t*q + 82, 0*q + 2*d = 4*q - 180. List the prime factors of q.
47
Suppose -5*h = n, n + 3*n + 24 = 4*h. Let u(t) = -24*t**2 - 3*t + 2. Let q be u(h). Let p = q - -50. What are the prime factors of p?
5
Let i = -198 - -1160. List the prime factors of i.
2, 13, 37
Let d(y) = -y + 1. Let f(n) = n**2 + 11*n + 3. Let j(k) = 2*d(k) + f(k). Suppose a + 3*a = -w - 36, 20 = 5*w. What are the prime factors of j(a)?
3, 5
Suppose 327*x = 352*x - 72375. List the prime factors of x.
3, 5, 193
Suppose -50*a + 18*a = -77472. What are the prime factors of a?
3, 269
Let h(c) = -c**3 - 6*c**2 + 2*c + 12. Let u be h(-6). Let i(m) = m**3 - m**2 + 46. List the prime factors of i(u).
2, 23
Let g = 102 + 455. What are the prime factors of g?
557
What are the prime factors of (-7)/154*-2570 - (-4)/22?
3, 13
Let u(q) = q**3 + 11*q**2 + 12*q - 4. Let j be u(-9). List the prime factors of j/3 + (-32)/(-24).
2, 3
Suppose 5*n - v - 24 = -3, 5*n - 3*v - 13 = 0. Suppose -4*u = -5*u + n, -92 = -4*f + 4*u. What are the prime factors of f?
2, 7
Let g(s) = 12*s. Let z be g(6). Let u be (-50)/(-18) - (-16)/z. Suppose 2*d - 168 = -2*d - 2*t, -3*t = -u*d + 144. List the prime factors of d.
2, 11
Let p = -1 - -5. Suppose 20 = p*y + 5*d, -y + 12 = -5*y + 3*d. Suppose -l = -y*l - 4, -5*l = -c. List the prime factors of c.
2, 5
Suppose 2*k + 3*k = -80. Let w = k - -20. Let h(q) = 2*q**2 + q - 1. List the prime factors of h(w).
5, 7
Let d be (44/4)/(182/(-61) - -3). Let w = -426 + d. List the prime factors of w.
5, 7
Let y = 47 - 203. Let z = 76 - y. List the prime factors of z.
2, 29
Let u(g) be the first derivative of -3/2*g**2 - 3*g + 2/3*g**3 + 1. List the prime factors of u(-5).
2, 31
Suppose -2*n + 605 = 5*o, -5*o = -2*o - 2*n - 347. Suppose -o - 21 = -5*h. Let i = h - 23. What are the prime factors of i?
5
Let g = -32 - -42. Suppose -g*k = -5*k - 370. What are the prime factors of k?
2, 37
Suppose s = 35 - 7. Suppose -s = -2*t - 6. What are the prime factors of t?
11
List the prime factors of (20 + -21 - 0/2)*-2310.
2, 3, 5, 7, 11
Let u(l) = -2*l**3 - 3*l**2 + 17*l + 49. Let j(q) = q**3 + q**2 - 8*q - 25. Let h(a) = -11*j(a) - 6*u(a). What are the prime factors of h(-8)?
29
Suppose 46*k - 51*k - z = -11, -k + 1 = -z. What are the prime factors of k?
2
Suppose 10*r + 4521 = 13*r. List the prime factors of r.
11, 137
List the prime factors of 2/(-10) + (-133152)/(-285).
467
Let p(s) = s**3 + 5*s**2 + 3*s + 1. Let w be p(-4). Suppose -w*t + 670 = -45. What are the prime factors of t?
11, 13
Suppose 134 = 2*x - 50. Suppose 4*m - x = 236. Suppose -3*o - k = -123, -o - 2*k + m = o. List the prime factors of o.
41
List the prime factors of 8954/((-6)/(0 - 6) - -1).
11, 37
Suppose 0 = 4*u - 3612 - 564. List the prime factors of u.
2, 3, 29
Let n = 120 - 10. List the prime factors of n.
2, 5, 11
Let r(j) be the third derivative of 5*j**4/4 + j**3/6 - j**2. Let c(z) = -z**3 - 15*z**2 + 53*z - 17. Let d be c(-18). List the prime factors of r(d).
31
Suppose 6 = 3*q - 3. Let a(w) = -w - 1. Let b(l) = 12*l + 2. Let s(v) = q*a(v) + b(v). What are the prime factors of s(3)?
2, 13
Let r(l) = -l**2 + 62*l - 71. List the prime factors of r(39).
2, 7, 59
Let f(v) = 4*v**2 - 7*v - 353. What are the prime factors of f(23)?
2, 3, 89
Let d(g) = 2*g**2 + 2*g - 2. Let u be d(-3). Suppose -u = -8*a + 3*a. Suppose 3*i - a*o + 7 - 42 = 0, o - 5 = -i. What are the prime factors of i?
3
Suppose 4*f = -4*m + 56, -2*f + 5*m + 24 = 3. Let o = f - -31. What are the prime factors of o?
2, 11
Let d be 18/27 - (-212)/6. Suppose -2*m + 4*h - h = d, 4*h - 8 = 0. Let v = 23 + m. What are the prime factors of v?
2
Let f = -18 - -12. 